-11 (base 10) to base 16.
-b
Convert -1 (base 13) to base 12.
-1
-b (base 14) to base 4
-23
1a (base 11) to base 15
16
-3 (base 8) to base 3
-10
What is 58 (base 13) in base 7?
133
What is 30 (base 10) in base 8?
36
Convert -1 (base 14) to base 16.
-1
Convert 10 (base 4) to base 5.
4
What is -221 (base 11) in base 4?
-10021
6 (base 10) to base 11
6
Convert -2 (base 7) to base 15.
-2
Convert -2 (base 5) to base 13.
-2
Convert -8 (base 9) to base 12.
-8
What is -3001 (base 4) in base 16?
-c1
What is 1 (base 13) in base 15?
1
What is 7 (base 15) in base 4?
13
Convert -170 (base 8) to base 5.
-440
Convert -1010 (base 2) to base 10.
-10
-220 (base 6) to base 5
-314
30 (base 6) to base 7
24
Convert 1003 (base 4) to base 2.
1000011
-1141 (base 6) to base 11
-232
What is 5 (base 16) in base 7?
5
What is 51 (base 6) in base 5?
111
1122 (base 4) to base 8
132
Convert 1c (base 16) to base 10.
28
What is -1110110 (base 2) in base 13?
-91
231 (base 6) to base 3
10101
Convert -11010000 (base 2) to base 12.
-154
36 (base 12) to base 2
101010
What is -211 (base 3) in base 10?
-22
Convert 4 (base 16) to base 10.
4
Convert -26 (base 15) to base 16.
-24
Convert -132 (base 4) to base 14.
-22
120 (base 5) to base 7
50
-100 (base 2) to base 16
-4
-1 (base 10) to base 4
-1
Convert 45 (base 14) to base 10.
61
What is 0 (base 14) in base 9?
0
What is 1 (base 9) in base 6?
1
Convert 2233 (base 4) to base 11.
14a
Convert 75 (base 14) to base 3.
10211
What is 11 (base 12) in base 4?
31
-7 (base 13) to base 3
-21
What is -3233 (base 4) in base 3?
-22212
31 (base 13) to base 8
50
Convert -11101 (base 2) to base 6.
-45
What is -82 (base 11) in base 14?
-66
Convert -12 (base 14) to base 4.
-100
Convert -1 (base 6) to base 3.
-1
What is 4 (base 9) in base 6?
4
Convert 3 (base 6) to base 16.
3
Convert 13 (base 4) to base 3.
21
Convert 13 (base 13) to base 3.
121
What is -75 (base 14) in base 9?
-124
What is -461 (base 8) in base 7?
-614
What is 2 (base 7) in base 11?
2
What is 40 (base 7) in base 6?
44
What is 91 (base 13) in base 8?
166
What is 6 (base 8) in base 4?
12
7 (base 14) to base 10
7
What is 100011 (base 3) in base 12?
187
-2 (base 3) to base 15
-2
Convert 411 (base 5) to base 3.
10221
Convert 51 (base 15) to base 13.
5b
Convert -3 (base 11) to base 4.
-3
What is 1 (base 6) in base 4?
1
What is d (base 15) in base 5?
23
-10 (base 3) to base 16
-3
1 (base 8) to base 15
1
Convert -1ab (base 12) to base 3.
-101012
What is -3 (base 16) in base 12?
-3
Convert 1 (base 14) to base 10.
1
Convert -127 (base 8) to base 14.
-63
-1a (base 14) to base 9
-26
1 (base 13) to base 8
1
-20 (base 9) to base 15
-13
What is 1030 (base 4) in base 16?
4c
What is 2122 (base 3) in base 15?
4b
Convert -111 (base 2) to base 4.
-13
What is 6 (base 10) in base 3?
20
What is -1 (base 9) in base 10?
-1
Convert -252 (base 8) to base 3.
-20022
b (base 15) to base 4
23
21 (base 11) to base 3
212
Convert 7 (base 11) to base 2.
111
Convert 2 (base 13) to base 2.
10
-dd (base 14) to base 8
-303
Convert -4 (base 7) to base 9.
-4
Convert -3 (base 13) to base 6.
-3
1 (base 13) to base 3
1
What is -3 (base 11) in base 12?
-3
8 (base 11) to base 12
8
Convert -420 (base 7) to base 13.
-132
What is -111 (base 7) in base 8?
-71
-50 (base 7) to base 10
-35
Convert 101 (base 3) to base 2.
1010
What is 23 (base 7) in base 3?
122
What is -4 (base 9) in base 2?
-100
76 (base 14) to base 12
88
-1023 (base 4) to base 6
-203
Convert -202 (base 7) to base 3.
-10201
What is -1 (base 12) in base 7?
-1
101 (base 3) to base 16
a
Convert 4 (base 15) to base 7.
4
Convert -4 (base 5) to base 16.
-4
Convert -3 (base 12) to base 2.
-11
-3 (base 10) to base 13
-3
Convert 1004 (base 6) to base 13.
13c
What is 3 (base 15) in base 11?
3
Convert 16 (base 7) to base 6.
21
-b (base 15) to base 2
-1011
Convert 56 (base 9) to base 11.
47
Convert -1000 (base 2) to base 7.
-11
21112 (base 3) to base 6
535
What is -a (base 15) in base 5?
-20
5b (base 12) to base 16
47
What is d (base 14) in base 10?
13
Convert 20 (base 3) to base 6.
10
Convert a7 (base 14) to base 15.
9c
Convert -41 (base 15) to base 3.
-2021
a (base 12) to base 9
11
Convert 26 (base 16) to base 6.
102
3 (base 12) to base 16
3
Convert 17 (base 8) to base 3.
120
2 (base 12) to base 16
2
Convert -301 (base 7) to base 4.
-2110
Convert 6 (base 9) to base 3.
20
Convert 6 (base 13) to base 6.
10
101 (base 6) to base 9
41
What is -9 (base 13) in base 9?
-10
What is -104 (base 8) in base 13?
-53
4 (base 11) to base 16
4
Convert -2 (base 12) to base 3.
-2
Convert -31 (base 5) to base 14.
-12
What is -2 (base 5) in base 12?
-2
Convert -20 (base 15) to base 4.
-132
What is -415 (base 6) in base 9?
-182
Convert -7 (base 11) to base 12.
-7
Convert 103 (base 8) to base 4.
1003
Convert 6 (base 9) to base 8.
6
What is 29 (base 10) in base 15?
1e
-4 (base 15) to base 3
-11
-20 (base 3) to base 4
-12
What is -100 (base 3) in base 15?
-9
What is -21120 (base 3) in base 6?
-540
9 (base 16) to base 10
9
Convert 9 (base 13) to base 16.
9
What is 20 (base 11) in base 5?
42
What is -4 (base 15) in base 16?
-4
What is 35 (base 8) in base 12?
25
What is 3 (base 11) in base 4?
3
Convert 0 (base 9) to base 16.
0
Convert -2 (base 9) to base 15.
-2
-c6 (base 13) to base 12
-116
Convert -2 (base 14) to base 8.
-2
What is -10 (base 7) in base 4?
-13
9a (base 15) to base 14
a5
Convert 10021 (base 3) to base 10.
88
1 (base 7) to base 3
1
What is -3 (base 7) in base 3?
-10
Convert 8 (base 15) to base 7.
11
What is 10 (base 5) in base 2?
101
3 (base 4) to base 15
3
What is 9 (base 16) in base 6?
13
-3 (base 12) to base 4
-3
0 (base 10) to base 11
0
Convert -100111 (base 2) to base 8.
-47
75 (base 16) to base 4
1311
What is -114 (base 14) in base 7?
-424
What is 3 (base 10) in base 16?
3
-1 (base 14) to base 8
-1
Convert 135 (base 6) to base 8.
73
-4 (base 11) to base 2
-100
What is 55 (base 10) in base 14?
3d
What is 55 (base 7) in base 11?
37
-17 (base 14) to base 12
-19
6 (base 10) to base 3
20
-120 (base 10) to base 2
-1111000
Convert -25 (base 9) to base 14.
-19
What is -1c (base 16) in base 2?
-11100
Convert -c6 (base 13) to base 11.
-138
What is 2 (base 12) in base 4?
2
Convert 55 (base 12) to base 13.
50
Convert -3 (base 5) to base 2.
-11
-130 (base 5) to base 16
-28
Convert 7 (base 16) to base 9.
7
11 (base 12) to base 13
10
What is 125 (base 7) in base 3?
2112
Convert 1255 (base 6) to base 2.
101000011
19 (base 12) to base 6
33
What is 33 (base 5) in base 7?
24
What is 0 (base 5) in base 2?
0
What is -d (base 15) in base 8?
-15
What is -1111110 (base 2) in base 12?
-a6
Convert 20 (base 6) to base 2.
1100
-1e (base 15) to base 7
-41
Convert 226 (base 7) to base 9.
141
-35 (base 9) to base 15
-22
5 (base 12) to base 7
5
0 (base 8) to base 15
0
What is -18 (base 11) in base 5?
-34
Convert -2 (base 15) to base 16.
-2
Convert 4 (base 12) to base 2.
100
1 (base 12) to base 15
1
Convert 9 (base 16) to base 15.
9
Convert 11 (base 15) to base 5.
31
What is 4 (base 16) in base 10?
4
Convert -5 (base 15) to base 11.
-5
Convert -33 (base 8) to base 5.
-102
-222 (base 5) to base 4
-332
-6 (base 16) to base 8
-6
Convert 47 (base 8) to base 14.
2b
Convert -93 (base 14) to base 16.
-81
Convert -4 (base 7) to base 16.
-4
What is 6 (base 15) in base 10?
6
What is 4 (base 15) in base 11?
4
What is -11113 (base 4) in base 12?
-247
What is 3 (base 14) in base 13?
3
Convert 57 (base 12) to base 14.
4b
0 (base 12) to base 8
0
What is 111 (base 3) in base 8?
15
Convert 120 (base 6) to base 10.
48
Convert -224 (base 5) to base 8.
-100
19 (base 16) to base 13
1c
Convert -5 (base 15) to base 4.
-11
Convert -1 (base 14) to base 7.
-1
-4 (base 13) to base 10
-4
What is 1 (base 12) in base 14?
1
Convert -24 (base 7) to base 3.
-200
Convert -5 (base 9) to base 7.
-5
Convert -4 (base 10) to base 11.
-4
What is -1011100 (base 2) in base 5?
-332
What is -142 (base 5) in base 13?
-38
Convert 4 (base 16) to base 5.
4
What is 11 (base 4) in base 15?
5
What is -30 (base 4) in base 9?
-13
75 (base 12) to base 9
108
-2 (base 6) to base 8
-2
Convert -2 (base 12) to base 14.
-2
198 (base 14) to base 4
11022
3 (base 11) to base 2
11
What is -413 (base 7) in base 16?
-ce
What is -39 (base 10) in base 7?
-54
Convert -74 (base 12) to base 